Suppose 4*l + 8 = -2*n, 6 = -l - n + 3. Calculate o(l).
-4
Let q(a) = 1 - 2*a - 6*a + 11*a. Let t be -2 - (-1 + -1) - -3. Suppose 1 = t*u - 2. Calculate q(u).
4
Let u(j) = -j. Let f(i) = 1. Let d(h) = -6*f(h) - u(h). Let q(o) = -o**3 - 10*o**2 + o + 10. Let v be q(-10). Suppose v*g + g = 0. Calculate d(g).
-6
Let h(t) = t**2 - t + 1. Let x(y) = -4*y**2 - 6*y + 4. Let u(o) = 3*h(o) + x(o). Give u(-8).
15
Let w(l) = -5*l + 2*l**3 - 1 + l - 2*l - l**2 + 4*l. Calculate w(2).
7
Let s be (1 + -11 - -3) + 8. Let p(q) = -q + 4 - 2*q**3 + q**2 + 8*q**3 - 3. Determine p(s).
7
Let q(h) be the first derivative of h**4/4 + 11*h**3/3 - h**2/2 - 10*h - 23. Determine q(-11).
1
Let y(b) be the second derivative of b**5/20 - 7*b**4/12 + 5*b**3/6 + 3*b**2/2 + b. Calculate y(6).
-3
Let u(p) = -p + 3. Let j = 25 - 6. Suppose 3*n - j = 2. Suppose 3*d = -3*b - 12, -n = 4*b - 3*d + 16. What is u(b)?
8
Let o(v) = v**3 - v**2 - v + 7. Suppose 4*b + 22 = 2*m, 5*b - 6*m + 29 = -2*m. Let u = 5 + b. Determine o(u).
7
Let h(w) = w**2 + w + 3. Suppose -5*y - 68 = 4*t, -3*y - 28 - 16 = 4*t. Let i be (-17)/(-6) + (-2)/y. Suppose 0 = i*p + 9 - 0. Calculate h(p).
9
Let r(y) = y**2 + 7*y + 5. Let m(f) = f**3 + 6*f**2 + 7*f + 3. Let w be m(-5). Determine r(w).
5
Let k be (-6*(-1 - 0))/2. Let d(i) be the first derivative of i**4/4 - i**3 + i**2/2 - 3*i + 5. Determine d(k).
0
Let k(j) = -3*j + 1 + 4*j + 0*j. Suppose l = -4*p + 4, 5*l = -0*p + 2*p - 24. Give k(p).
3
Let p(q) = -q**3 - 6*q**2 - 6*q - 2. Let h be p(-5). Let r(o) be the third derivative of 0 + 0*o - 1/60*o**5 + 5/6*o**h - o**2 + 1/24*o**4. Calculate r(0).
5
Let f be (-1)/(-2) - 195/(-26). Let s(b) = b**2 - 9*b + 1. Determine s(f).
-7
Let z(t) = t - 5. Let p(m) = 4*m - 14. Let y(c) = 2*p(c) - 7*z(c). What is y(-6)?
1
Let l(n) = n - 6. Let f be l(11). Suppose 3*x = 5*x + 8, -3*t + f*x = -20. Suppose 0 = -5*g - 4*v - 17, t = -3*v - 6 - 3. Let z(k) = 3*k - 1. Determine z(g).
-4
Let b(l) = 5*l**2 - 2*l + 8. Let t(j) = -14*j**2 + 6*j - 23. Let n(o) = 17*b(o) + 6*t(o). Determine n(-3).
1
Let r(s) = -s + s - 231 + 3*s + 229. Calculate r(2).
4
Let d(i) = -2*i + 7. Suppose -57*y + 7 = -56*y. Calculate d(y).
-7
Let t be (-16 - -12)/(-1 + -1). Let n(h) be the second derivative of -7/6*h**3 + 0 + 0*h**2 - t*h. Determine n(-1).
7
Let v be (20 + 1)*(-6 - (-34)/6). Let a(y) = 2*y + 3. Calculate a(v).
-11
Let g(t) = -t**2 - 3*t + 5. Suppose -v - s = -2*s, 5*v + 2*s - 21 = 0. Let m = v - 7. Calculate g(m).
1
Let y(o) = 16*o**2 - 2*o**2 + 6*o - 4*o**2 - 4 - 11*o**2. Give y(4).
4
Let z be 0/(-2 + 0 + 0). Let y be 4 + 0 + 1 + z. Let h(m) = 89*m + 3 + 98*m - 188*m. Give h(y).
-2
Let u(c) = -c. Let i(o) = -o**2 + 2*o - 6. Let p(d) = -i(d) + 5*u(d). Determine p(5).
-4
Let r(y) = y**3 + 6*y**2 - 5*y**3 + y**3 - 4*y - 7 + 2*y**3. Let j be (3 + -2)/(2/10). What is r(j)?
-2
Suppose 0*o = 3*o. Let j(h) be the third derivative of -h**7/5040 - h**6/180 + h**5/30 - h**2. Let z(l) be the third derivative of j(l). What is z(o)?
-4
Let d(f) = -f**2 + 7*f + 5. Let j be 168/35 + (-1)/(-5). Determine d(j).
15
Suppose 22*b = 25*b - 18. Let q(m) = m**3 - 6*m**2 + 2*m + 2. What is q(b)?
14
Suppose -f - 2*f - 6 = 0. Let o(l) be the first derivative of l**5/40 + l**4/12 - 10*l**3/3 - 8. Let t(k) be the third derivative of o(k). Determine t(f).
-4
Let v(o) = -o**3 - 2*o**2 + 2*o - 2. Let a(m) = -m**3 + 3*m**2 - 2*m + 3. Let r be a(3). Calculate v(r).
1
Let h(s) be the third derivative of s**5/60 - 5*s**4/24 - s**3/6 + 6*s**2. Determine h(5).
-1
Let j(n) = n - 7. Let k(x) = 4*x**2 - 2*x + 1. Let w be k(1). Let y be j(w). Let a(s) = s - 5 + 1 - 1. What is a(y)?
-9
Let f(o) = -o - 8. Let b(v) = 5*v + 12. Let d be b(-4). Give f(d).
0
Let b be (4/(-6))/(6/(-9)). Let z(y) be the third derivative of -y**4/24 + y**3/6 - y**2. Determine z(b).
0
Let y(c) be the second derivative of -c**5/20 + c**4/2 - 2*c**3/3 - 3*c**2 - c. Let l be (-126)/(-35) + (-3)/5. Suppose 21 = l*r + 6. Give y(r).
-1
Let x(c) be the second derivative of -c**3/6 + 9*c**2/2 + 48*c. Give x(7).
2
Let p(w) = -7*w**2 - 2*w - 7. Let l(d) = -15*d**2 - 5*d - 15. Let a(h) = 6*l(h) - 13*p(h). Calculate a(2).
-3
Let o(a) = a**3 + 3*a**2 + 4. Let y be o(-3). Suppose -y*b - 10 = b. Let s(j) = j**3 + j**2 + 4*j + 3. Calculate s(b).
-9
Let q(a) = 6*a**3 - a**2 - 6*a + 3. Let r(l) = l**3 - l**2 - l + 1. Let v(w) = q(w) - 5*r(w). Calculate v(-5).
-22
Let h(w) = 8*w**2 - w - 9. Let u(k) = 9*k**2 - 2*k - 10. Let z(j) = 7*h(j) - 6*u(j). Determine z(-4).
9
Let r = -42 - -48. Let s(j) = j - 2. Determine s(r).
4
Let q(g) = g + 17. Let t be q(-14). Suppose 3*m - 2*m + 1 = 0. Let j(b) = -b - 1. Let f(h) = 7. Let a(y) = m*j(y) - f(y). What is a(t)?
-3
Let x(l) = 3*l + 3. Let i be x(-2). Let a(q) = -4*q**3 + 13*q**2 - 7*q - 3. Let s(v) = -v**3 + 4*v**2 - 2*v - 1. Let g(n) = -2*a(n) + 7*s(n). Give g(i).
-10
Suppose 0 = -u + 2 - 3, 5*u = -4*i - 29. Let k(z) be the first derivative of -z**2/2 - 8*z + 3. What is k(i)?
-2
Let a(r) = -3 + 3 - 2*r**2 - 2*r. Let i = -12 + 7. Let n = 3 + i. What is a(n)?
-4
Let b be 0*1/1 + -4. Let v = 5 - 4. Let w(d) = 0 + v - 4*d + 0 - d**2. Give w(b).
1
Let n(f) = 6 - 4*f + 0 - 2. Suppose -14*a = -15*a + 3. Calculate n(a).
-8
Let o be 16/(-9) + 4/(-18). Let c(w) = -w + 2. What is c(o)?
4
Let p(j) = -11*j + 1. Let q(x) = -x**3 + 6*x**2 - x + 7. Let k(g) = 2*g - 8. Let y be k(7). Let u be q(y). Calculate p(u).
-10
Suppose 14 = -2*d - 2. Let r(o) = o**3 + 9*o**2 + 9*o + 5. Let u be r(d). Let s(c) = -c**3 - 3*c**2 + 4*c + 3. What is s(u)?
-9
Let f(j) be the first derivative of 4*j + 1/4*j**4 - 2 + 5/3*j**3 + 5/2*j**2. Let k be f(-4). Let t(o) = o**3 + o**2 + o + 8. Determine t(k).
8
Let g(m) be the second derivative of -m**6/360 + m**5/24 - m**4/24 - m**3/2 + 2*m. Let p(c) be the second derivative of g(c). What is p(5)?
-1
Let b(y) = -y**3 + 8*y**2 - 6*y - 5. Let g be (9/12 - 1)*-4. Suppose -2*x = -3*l - 2, x = -l - 4*x - 12. Let m be (l + g)*7*-1. What is b(m)?
2
Let q(o) = o - 7. Let g be q(7). Let u(h) = 3 - 3 + g*h + h**3 + 4*h**2 - 4*h. Give u(-5).
-5
Let i(c) = -c**2 - 8*c - 7. Let x be (-1)/(-3) - 30/(-18). Let z be (12/(-8))/(x/8). Calculate i(z).
5
Let n(j) = -7*j + 1. Let x(w) = w + 1. Let o(d) = -n(d) - 5*x(d). Let b = -3 + 1. Let h = b + 7. Determine o(h).
4
Let o(x) = 3*x - 4*x + 3*x**2 - 2*x**2. Suppose -5*f + 4*i - i = -1, -4*f - 4*i = 12. Calculate o(f).
2
Let u(n) = 3*n**2 + 4. Let j(t) = t**2 + t + 1. Let f be 1/4 - (-100)/(-16). Let k = -4 - f. Let w(h) = k*j(h) - u(h). What is w(3)?
-5
Let d = -488 + 494. Suppose -4*z + 10 + 2 = 0. Let j(a) = 0 + z*a + 7*a**2 + 4 - 11*a - a**3. Calculate j(d).
-8
Suppose 2*a = -0*a - 32. Let p be (-56)/a - 3/(-2). Let q(j) = -j**3 + 5*j**2 + j + 1. What is q(p)?
6
Let n(l) = -l**2 + 4*l - 5. Let c be 0 + (-6)/(36/(-8) - -3). Calculate n(c).
-5
Let b = 39 - 43. Let y(m) = -m**2 - 6*m - 6. Calculate y(b).
2
Let p(c) = c**3 - c**2 + 3*c - 2. Let k(n) = 2*n**3 + 2*n - 2. Suppose 3*h + 3*s - 12 = 0, 4*h - 2*s = s + 2. Let g(u) = h*k(u) - 3*p(u). What is g(-4)?
6
Let t(b) = b. Suppose 0*d = 5*d - 50. Suppose -5*f + 8 = 2*m, 4*m + 4*f = 6 + d. Suppose -3*j - m = j. What is t(j)?
-1
Let f be 11/6 - (-9)/54. Let y(c) = 1 + 3 + 3 - c**f - 6*c - 2. Determine y(-6).
5
Let q = -9 - -7. Let b(z) = z**3 + 2*z**2 + z - 4. Let a(w) = -2*w**3 - 4*w**2 - 2*w + 7. Let x = 6 + -3. Let f(t) = x*a(t) + 5*b(t). Give f(q).
3
Let g(c) be the first derivative of c**4/4 - 4*c**3/3 + 2*c**2 - 2*c - 21. Give g(4).
14
Let v(d) = 3*d + 2. Let o(w) = -w**2 - w + 2. Let h be o(-2). Suppose -2*r - 2*r = h. Let l = r + -3. Calculate v(l).
-7
Suppose 2*x = -2*x - 12. Let j = x - -5. Let p(y) = -2 - 2 + j*y - y. Determine p(6).
2
Let f(s) = 5*s**2 + 3*s. Let o(k) = -14*k**2 - 8*k. Let t(b) = 11*f(b) + 4*o(b). Suppose -4*v = 3*y - 19, -v + 1 + 4 = y. Give t(y).
0
Let o(y) = -5*y**2 + 1. Let x = 1 - -2. Suppose 2*q = a + 7, -3*q = 5*a - x*a. Suppose -5*f = q*m - 17, 0 = -3*f + 13 - 4. Give o(m).
-4
Let b(x) be the second derivative of x**3/6 + 3*x**2/2 - 60*x. Give b(4).
7
Let y(d) = -d**2 + 5*d + 3. Let u(v) = 3*v + 4. Suppose -3*w = -5 - 4. Let p be u(w). Let x be p/3 - 4/(-6). Determine y(x).
3
Suppose -3*k + 3*r - 6 = -k, -5*k - 3*r - 15 = 0. Let x(p) = -p - 8. Determine x(k).
-5
